f g.
2, 67
Let z(y) be the third derivative of 367*y**4/24 - y**3/6 - 25*y**2. Let a be z(5). Suppose 8*c - a = -354. List the prime factors of c.
5, 37
Suppose 23*b = 7*b - 12*b + 337316. What are the prime factors of b?
7, 1721
Let s(i) = 20*i**2 + 8*i - 39. Let n(l) = -19*l**2 - 7*l + 40. Let g(f) = -5*n(f) - 4*s(f). List the prime factors of g(5).
2, 173
Let i(j) = 2388*j + 1773. List the prime factors of i(15).
3, 4177
Let d be 5 + 3 + -77 + 2/2. What are the prime factors of ((-850)/d)/((-1)/(-14))?
5, 7
Let a = -12 - 52. Let p = 30 + a. What are the prime factors of (1/(-1)*4)/(4/p)?
2, 17
Suppose 3*j - 9*j = 2712. Let w be 9/12*-2*j/3. What are the prime factors of (6/(-12))/((-1)/w)?
113
Let x(u) = -188*u - 991. What are the prime factors of x(-19)?
29, 89
What are the prime factors of (-8 - (-200)/30) + 24241/21?
1153
Let t = -167 + 252. Let s = 178 - t. List the prime factors of s.
3, 31
Let f(n) = 2*n**2 - n - 2. Let v(m) be the third derivative of -m**5/60 - 5*m**4/24 + m**3/6 + 15*m**2. Let w be v(-6). What are the prime factors of f(w)?
53
Let x(b) = -b**3 - 11*b**2 + 6*b - 8. Suppose 147 = 6*m + m. Let v = m - 34. What are the prime factors of x(v)?
2, 3, 7
Suppose -5*f + 34 - 24 = 0. Suppose -f*d = 6*d + 80. What are the prime factors of (-4)/d - (6 - (-1764)/(-15))?
2, 7
Let f be 17*(-2 - (1 + -4)). Suppose g + c = f, 3*g - c - 58 = -g. Suppose g*h - 12*h - 528 = 0. What are the prime factors of h?
2, 11
Let b(i) = 4 + 3*i**2 - 21*i - 1 + 2*i**2 + 13*i. What are the prime factors of b(-8)?
3, 43
Let j(h) = 3*h + 62. Let u be j(-20). Suppose -u*f + 26 = -3*n - 72, 0 = -2*f + 2*n + 102. List the prime factors of f.
5, 11
Suppose -5*r + 6882 = 2*z, 2*z + 77 - 2825 = -2*r. List the prime factors of r.
2, 13, 53
Suppose -3 = -3*t + 4*v - 6*v, 3*v - 5 = -5*t. Let m be t*((-4041)/(-18) + (-6)/4). List the prime factors of m/13 + 1*2/(-13).
17
Let z(o) = 118*o**3 + 2*o - 1. Let m be z(1). Let c(u) = -3*u**3 - 14*u**2 - 4*u + 1. Let i be c(-4). Let q = m + i. List the prime factors of q.
2, 13
Suppose t = -9 + 11. Suppose u = t*w - 8, -w + 8 - 1 = u. Suppose -165 = -w*n + 95. What are the prime factors of n?
2, 13
Let s = 30242 - 29356. List the prime factors of s.
2, 443
Suppose -985244 + 77689 = -130*v + 403495. List the prime factors of v.
5, 2017
Let j be ((-14)/(-8) - (-4 + 6))*-12. Suppose 0 = -0*l + l + j. List the prime factors of (-8)/l*3*10.
2, 5
Suppose -b - 22 = -5*k + 6, -2*b + 28 = 4*k. Let a(p) = 10*p**2 + p - 6. Let j be a(k). Suppose -11*x = -5*x - j. List the prime factors of x.
2, 3, 5
Let k(u) = 226*u**2 - 314*u - 36. What are the prime factors of k(7)?
2, 5, 13, 17
Suppose 141*f - 2097434 - 203803 = 54*f. List the prime factors of f.
3, 2939
Suppose -252*f = -2*k - 254*f + 87088, 0 = 2*k + 4*f - 87086. List the prime factors of k.
3, 5, 2903
Let f(a) = a**3 + 9*a**2 - 18*a - 19. Let i be (5 - -1)/((-1)/3*2). List the prime factors of f(i).
11, 13
Suppose 999 + 1521 = 7*c. Suppose -c = 456*p - 461*p. List the prime factors of p.
2, 3
Suppose 0 = 3*k - u - 2*u - 993, 3*u + 1661 = 5*k. Suppose -h - 197 = -2*l - l, -4*h + k = 5*l. What are the prime factors of l?
2, 3, 11
What are the prime factors of 13/((-65)/3180)*(-536)/16?
2, 3, 53, 67
List the prime factors of (((-99415)/10 - -6) + -5)*(-14)/21.
3, 47
Suppose 0 = 16*w - 22*w + 12. What are the prime factors of 16725/33 - w - (-20)/110?
5, 101
Let p = 475 + -480. List the prime factors of p/(-4) - (-8625)/12.
2, 3, 5
Suppose -40*b = -121106 - 782334. What are the prime factors of b?
2, 23, 491
Let y(p) = p**3 - 19*p**2 + 148*p - 88. List the prime factors of y(35).
2, 6173
Let s = -3694 + 1707. Let y = 3321 + s. List the prime factors of y.
2, 23, 29
Let x(k) = k**3 - 11*k**2 - 19*k + 21. Let f be x(15). Let z = 1312 - f. Suppose -9*q + 125 = -z. List the prime factors of q.
89
Let a(t) = -4*t**2 + 2*t + 15. Let x be a(5). Let y = x - -114. Suppose -135 = -4*r - y. What are the prime factors of r?
2, 3
Let d = 1712 - 787. Suppose 0 = 2*w + v - 628, 632 = 5*w - 4*v - d. What are the prime factors of w?
313
Suppose -18 = 3*i, -2*i = -231*g + 230*g + 11467. List the prime factors of g.
5, 29, 79
Let l = 28757 + -6955. List the prime factors of l.
2, 11, 991
Let a(t) = t**2 - 19*t + 2899. Let f be a(0). Suppose -y = x - 6*x + f, -2*y + 1742 = 3*x. List the prime factors of x.
2, 5, 29
Suppose -5858 = -8*z - 74. List the prime factors of z.
3, 241
Suppose t - 65 = -7. Let a(z) = -7*z**2 + 23*z - 49. Let c be a(2). Let o = t + c. What are the prime factors of o?
3
Let a(s) = -381075*s + 30. Let f be a(-1). List the prime factors of (-3)/7 - f/(-189).
2, 3, 7
Let j = 24 + -15. Suppose 136 = j*y - 1115. List the prime factors of y.
139
Let r = -15 + 31. Suppose 26*g = 27*g - r. Suppose 0 = 13*f - g*f + 132. List the prime factors of f.
2, 11
Suppose 4*k = -0 + 20. Suppose 0 = -2*h - k*h. What are the prime factors of (h/(-2))/2 + 52?
2, 13
Suppose 1164428 = 54*a + 174446. List the prime factors of a.
3, 7, 97
Let j(i) = 2*i - 46. Let l be j(19). List the prime factors of 4 - l/(-1) - (-15 - -1).
2, 5
Let s = -2482 + 18789. What are the prime factors of s?
23, 709
Let j = 4234 + 12532. List the prime factors of j.
2, 83, 101
Suppose -17*x + 183*x - 303049 = 4108069. List the prime factors of x.
26573
Let k(p) = -p**2 + 20*p - 6. Let m be k(19). Suppose -m*i - 91 = -14*i. List the prime factors of i.
7, 13
Suppose 10353*i + 25746 = 10360*i. What are the prime factors of i?
2, 3, 613
Let s = -43 + 43. Let n(f) = s*f**3 + 3*f**2 + 8*f**2 - 10*f - 7 - 4*f**2 + f**3. What are the prime factors of n(-8)?
3
Suppose -74*z + 25165 = -248413. List the prime factors of z.
3697
Let l(n) = 3*n**2 - 51*n - 544. What are the prime factors of l(31)?
2, 379
Suppose -210*k + 7397319 = -2672181. What are the prime factors of k?
2, 5, 7, 137
Suppose 3*d + o = 177, 4*d + 3*o - 102 = 139. Let b = -56 + d. Suppose -b*f + 3*f + 550 = 5*l, -4*l + 461 = -5*f. What are the prime factors of l?
109
Suppose -6211342 + 22810582 = 379*f - 3111034. List the prime factors of f.
2, 26003
Let i = -92 - -67. Let b be 5/i - (84/(-5))/4. What are the prime factors of (b - 8)/(1/(-14))?
2, 7
Let y(j) = -j**3 - 2*j**2 + 4*j - 12. Let h be y(-4). Suppose -p = h*p + g - 1436, 5*g + 282 = p. List the prime factors of p.
7, 41
Let u = -2438 - -1506. List the prime factors of (9 - 7)*u/(-8).
233
Suppose 0 = 6*g + g - 5208. Suppose -2*d - g = -5*t, -5*t + 765 = -5*d + 10*d. List the prime factors of t.
2, 3, 5
Let z be 1723/4 + 12/(-16). Suppose -z = -9*j + 164. List the prime factors of j.
2, 3, 11
Suppose -35976 = -3*d - 3*j + 67467, 3*d = 5*j + 103443. List the prime factors of d.
29, 41
Let p(j) = j**3 - 6*j**2 - 9*j - 6. Let v(a) = -a**2 + 12*a - 2. Let m be ((-33)/6)/(3/(-18)*3). Let t be v(m). What are the prime factors of p(t)?
2, 3, 13
Let g(u) = -u**3 - 7*u**2. Let l be g(-7). Let h = -2381 + 2389. Suppose l = 6*d + h*d - 3262. List the prime factors of d.
233
Suppose 25*g = 19*g + 1482. Suppose -3*w + w = -5*o - g, 3*w = -3*o + 402. Let t = 284 - w. List the prime factors of t.
3, 17
Suppose 4*y - m + 6*m - 49 = 0, -3*m = 9. Suppose -5*t = -y*t + 3850. List the prime factors of t.
2, 5, 7
Suppose 0 = 134*k - 215483 - 385239. What are the prime factors of k?
4483
Suppose -9*a = -18*a + 288504. What are the prime factors of a?
2, 4007
Suppose -b = -3*t + 10, 4*t = 2*t + 5*b - 2. Suppose -15 = 2*q - 5, t*q = 5*m - 35. Suppose -180 = m*i - 5*i. List the prime factors of i.
2, 3, 5
Suppose -98*g = 106*g - 209*g + 82945. List the prime factors of g.
53, 313
Let r(t) = 8*t + 3. Let j be r(-10). Let c = j + 83. Suppose -c*p + 901 = -107. List the prime factors of p.
2, 3, 7
Let d(q) = -850*q + 2721. List the prime factors of d(-22).
31, 691
Suppose 0 = 2*q + 2*d - 28, 2*q - 5*d + 18 = 3*q. Suppose 10*j - 13 = -q. Suppose -4*s - 16 = j, -5*s + 0 = v - 2. What are the prime factors of v?
2, 11
Let c = 113 + -3. Let p = c - -3. Let w = p - -7. List the prime factors of w.
2, 3, 5
Suppose -5*t - 5*o + 17480 = 0, 858*o = 3*t + 863*o - 10484. What are the prime factors of t?
2, 3, 11, 53
Let q = 64851 - 28612. What are the prime factors of q?
7, 31, 167
Let t = 394 + -1119. Let b = 604 - t. Suppose 12*j = 555 + b. L